{"id":122,"date":"2024-01-12T10:02:34","date_gmt":"2024-01-12T09:02:34","guid":{"rendered":"https:\/\/boutique.explorateurs.be\/?post_type=product&#038;p=122"},"modified":"2024-09-03T19:59:38","modified_gmt":"2024-09-03T17:59:38","slug":"calendrier-de-lavent-24-bieres-belges","status":"publish","type":"product","link":"https:\/\/boutique.explorateurs.be\/index.php\/produit\/calendrier-de-lavent-24-bieres-belges\/","title":{"rendered":"Calendrier de l&rsquo;avent &#8211; 24 bi\u00e8res belges"},"content":{"rendered":"<p>Nous avons d\u00e9cid\u00e9 de fusionner notre mission de d\u00e9couverte du patrimoine avec l&rsquo;une de nos passions : la bi\u00e8re ! Au programme ; une bi\u00e8re par jour \u00e0 d\u00e9couvrir ou red\u00e9couvrir !<\/p>\n<p>Chaque jour vous recevrez en plus de votre bi\u00e8re une fiche compl\u00e8te d\u00e9taillant l&rsquo;origine de votre bi\u00e8re, une description des gouts, des ar\u00f4mes, une pr\u00e9sentation du brasseur ou du groupe brassicole, &#8230; Bref d\u00e9couvrez-en plus sur les bi\u00e8res belges tout en apprenant la bi\u00e8re blablabla, j&rsquo;en ai un peu marre d&rsquo;\u00e9crire des descriptions sur un projet qui ne verra peut-\u00eatre m\u00eame pas le jour. En plus je ne m&rsquo;y connais vraiment pas tant que \u00e7a en bi\u00e8re contrairement \u00e0 Arnaud et Yan&#8230; D&rsquo;ailleurs, j&rsquo;esp\u00e8re vraiment qu&rsquo;ils vont tous les deux se bouger le cul pour nous faire cette liste de 24 bi\u00e8res !<\/p>\n","protected":false},"excerpt":{"rendered":"<p><strong>D\u00e9couvrez la Belgique \u00e0 travers 24 bi\u00e8res artisanales !<\/strong><\/p>\n<p>\u00c0 l&rsquo;approche des f\u00eates, laissez-vous surprendre chaque jour par une nouvelle bi\u00e8re dans notre calendrier de l&rsquo;Avent sp\u00e9cial, con\u00e7u par notre ASBL pour c\u00e9l\u00e9brer le patrimoine et la culture belge. Ce calendrier unique vous invite \u00e0 un voyage gustatif \u00e0 travers les diff\u00e9rentes r\u00e9gions de notre pays, avec des bi\u00e8res soigneusement s\u00e9lectionn\u00e9es provenant de brasseries locales.<\/p>\n<p>Chaque case renferme une bi\u00e8re aux saveurs authentiques, accompagn\u00e9e d&rsquo;une fiche d\u00e9couverte pour en savoir plus sur son histoire et les traditions qui l&rsquo;entourent. Offrez-vous ou offrez \u00e0 vos proches une exp\u00e9rience in\u00e9dite qui allie passion pour la bi\u00e8re et amour pour le patrimoine belge.<\/p>\n<p>En achetant ce calendrier, vous soutenez \u00e9galement les activit\u00e9s de notre ASBL, d\u00e9di\u00e9e \u00e0 la promotion de la culture et du patrimoine aupr\u00e8s des enfants. Alors, pourquoi ne pas trinquer pour une bonne cause ?<\/p>\n<p><strong>Commandez d\u00e8s maintenant et pr\u00e9parez-vous \u00e0 savourer la magie de No\u00ebl, un jour \u00e0 la fois !<\/strong><\/p>\n","protected":false},"featured_media":123,"template":"","meta":[],"product_cat":[37],"product_tag":[],"class_list":{"0":"post-122","1":"product","2":"type-product","3":"status-publish","4":"has-post-thumbnail","6":"product_cat-boutique-explorateurs","8":"first","9":"instock","10":"featured","11":"shipping-taxable","12":"purchasable","13":"product-type-simple"},"_links":{"self":[{"href":"https:\/\/boutique.explorateurs.be\/index.php\/wp-json\/wp\/v2\/product\/122","targetHints":{"allow":["GET"]}}],"collection":[{"href":"https:\/\/boutique.explorateurs.be\/index.php\/wp-json\/wp\/v2\/product"}],"about":[{"href":"https:\/\/boutique.explorateurs.be\/index.php\/wp-json\/wp\/v2\/types\/product"}],"wp:featuredmedia":[{"embeddable":true,"href":"https:\/\/boutique.explorateurs.be\/index.php\/wp-json\/wp\/v2\/media\/123"}],"wp:attachment":[{"href":"https:\/\/boutique.explorateurs.be\/index.php\/wp-json\/wp\/v2\/media?parent=122"}],"wp:term":[{"taxonomy":"product_cat","embeddable":true,"href":"https:\/\/boutique.explorateurs.be\/index.php\/wp-json\/wp\/v2\/product_cat?post=122"},{"taxonomy":"product_tag","embeddable":true,"href":"https:\/\/boutique.explorateurs.be\/index.php\/wp-json\/wp\/v2\/product_tag?post=122"}],"curies":[{"name":"wp","href":"https:\/\/api.w.org\/{rel}","templated":true}]}}